*i - 3489. Give x(-18).
-33
Let a(q) = 9*q**2 + 474*q - 552. Determine a(-54).
96
Let g(y) = y**2 + 215*y + 11069. What is g(-128)?
-67
Let f(z) = 1028470*z + 6170809. Calculate f(-6).
-11
Let d(c) = -c**3 + 81*c**2 + 506*c - 106410. What is d(59)?
26
Let m(q) = -2*q**3 + 295*q**2 + 2330*q - 600. Determine m(155).
175
Let y(i) = 314*i**2 + 3141*i + 268. Give y(-10).
258
Let t(r) = -r**3 - r**2 - 8146*r + 32632. Determine t(4).
-32
Let d(g) = -13670*g + 27393. Determine d(2).
53
Let o(m) = 5*m**3 - 30*m**2 + 4*m + 135. Give o(9).
1386
Let x(p) = 2*p**3 + 23*p**2 + 393*p + 4865. What is x(-12)?
5
Let a(u) = -3*u**2 - 12632*u + 37944. Calculate a(3).
21
Let z(j) = -130*j**3 - 4*j**2 - 94*j - 254. Calculate z(-3).
3502
Let h(i) = i**3 + 2*i**2 + 7*i - 184. Give h(0).
-184
Let j(q) = 1767*q - 26417. What is j(15)?
88
Let h(a) = 1752*a - 227784. Determine h(130).
-24
Let o(d) = -2*d**3 - 214*d**2 + 201*d - 1081. Determine o(-108).
539
Let j(f) = 3*f**2 + 1147*f - 51602. What is j(-423)?
4
Let z(f) = 779*f**2 + 16448*f - 15182. What is z(-22)?
-2
Let t(u) = 23131*u - 3562167. Give t(154).
7
Let t(k) = -3*k**2 - 33*k - 139. Determine t(-4).
-55
Let n(y) = 22*y + 324. Give n(-5).
214
Let s(m) = -3*m**3 + 15*m**2 + 33*m - 2. What is s(-3)?
115
Let h(v) = v**2 - 180029*v + 23207109. What is h(129)?
9
Let y(q) = 37258*q - 74424. What is y(2)?
92
Let f(u) = -u**3 - 28*u**2 - 148*u - 116. What is f(-7)?
-109
Let o(c) = -22*c**2 + 3439*c + 47157. Determine o(169).
6
Let r(h) = -h**3 + 40*h**2 + 317*h - 12. Give r(47).
-576
Let i(u) = -3*u**3 - 17*u**2 - 28*u + 44. Calculate i(1).
-4
Let b(m) = m**2 - 1848*m + 192811. Give b(111).
4
Let z(h) = 24*h**2 - 544*h + 1148. Calculate z(4).
-644
Let h(b) = -4710*b - 84795. Determine h(-18).
-15
Let i(t) = -t**2 - 106*t + 3109. Calculate i(-122).
1157
Let z(k) = -10073*k - 231657. Give z(-23).
22
Let g(t) = 118657*t + 6763447. Determine g(-57).
-2
Let p(u) = u**2 - 1111*u - 259203. What is p(-198)?
-21
Let v(d) = d**3 - 36*d**2 - 2228*d + 81033. Calculate v(37).
-34
Let u(k) = k**3 - 1129*k**2 - 82645*k - 20371. Calculate u(1198).
-5
Let u(j) = -5*j**2 - 195*j + 401. Give u(-7).
1521
Let d(n) = -12790*n + 920857. What is d(72)?
-23
Let r(t) = 16456*t - 2402631. What is r(146)?
-55
Let u(y) = 2*y**2 + 484*y + 22076. Calculate u(-181).
-6
Let w(y) = 349946*y + 5599108. Calculate w(-16).
-28
Let y(r) = r**3 + 12*r**2 + 7010*r + 84139. Give y(-12).
19
Let y(q) = 2430*q + 58325. Calculate y(-24).
5
Let g(m) = 2*m**3 - 8*m**2 + 62*m - 353. Give g(5).
7
Let i(p) = p**2 + 10*p - 34264. Give i(181).
307
Let q(n) = -10*n**3 - 59*n**2 + 49*n + 244. What is q(-6)?
-14
Let r(s) = -s**3 + 268*s**2 + 37270*s - 371. Determine r(369).
-2
Let r(l) = 259*l**2 - 9836*l - 364. Give r(38).
-136
Let t(s) = -2*s**3 + 15*s**2 + 85*s - 635. Determine t(7).
9
Let f(v) = 5*v**2 - 686*v + 22855. Determine f(74).
-529
Let u(h) = 8*h**3 + 82*h**2 + 29*h + 6. Give u(-8).
926
Let k(j) = -5*j**2 - 44*j + 2558. What is k(0)?
2558
Let u(q) = -4929*q - 29521. Determine u(-6).
53
Let i(y) = y**2 + 1336*y + 14558. Calculate i(-11).
-17
Let v(w) = -77*w**3 + 4*w**2 - 938*w - 2837. What is v(-3)?
2092
Let a(h) = 2*h**2 - 421*h - 16518. Determine a(244).
-170
Let y(d) = 3*d**2 + 95*d - 6502. Determine y(33).
-100
Let h(w) = -3*w**3 - 16*w**2 - 55*w - 58. Give h(-2).
12
Let j(z) = 145*z**2 - 92*z - 13571. Calculate j(10).
9
Let x(k) = 13*k**3 - 7*k**2 - 159*k - 775. Give x(-5).
-1780
Let h(u) = -178*u**2 - 3251*u - 848. What is h(-18)?
-2
Let a(r) = 283*r + 52077. Determine a(-184).
5
Let t(j) = -2*j**3 + 22*j**2 - 259*j + 2015. What is t(9)?
8
Let j(b) = -172*b - 1877. What is j(-9)?
-329
Let r(y) = -y**2 + 505*y - 40826. What is r(404)?
-22
Let r(a) = 74*a - 721. Give r(6).
-277
Let w(u) = -29*u**2 - 26*u - 187. Determine w(-6).
-1075
Let q(c) = 4*c**2 + 4277*c - 12846. Determine q(3).
21
Let o(c) = c**3 - 183*c**2 - 426*c + 9283. What is o(185)?
-1077
Let l(i) = 132*i**2 - 5793*i + 21090. Give l(4).
30
Let t(j) = -451*j + 43256. Calculate t(96).
-40
Let j(p) = -4*p**3 + 103*p**2 - 61*p + 167. Determine j(25).
517
Let d(a) = -103*a - 721. Calculate d(-10).
309
Let p(r) = -45*r - 4119. Give p(-62).
-1329
Let z(r) = 2*r**2 - 1345*r + 225200. Determine z(358).
18
Let s(p) = -828*p - 38091. What is s(-46)?
-3
Let m(i) = 5*i**3 + 55*i**2 + 3881*i + 18662. Give m(-5).
7
Let w(i) = -i**2 - 69*i - 2127. What is w(-70)?
-2197
Let o(t) = -t**3 - 40*t**2 - 370*t - 623. Give o(-10).
77
Let m(d) = -6*d**2 - 1394*d + 8088. Calculate m(-238).
-4
Let b(c) = -238*c - 19058. What is b(-80)?
-18
Let d(q) = 20*q**2 - 4620*q - 4630. What is d(-1)?
10
Let n(v) = 28199*v - 958749. Calculate n(34).
17
Let r(y) = -y**2 + 83*y + 5623. Give r(128).
-137
Let n(f) = 101171*f + 10420619. Give n(-103).
6
Let p(a) = 3272*a + 20404. Calculate p(-6).
772
Let m(y) = -10*y**2 + 38*y - 370. What is m(9)?
-838
Let l(y) = 2*y**2 + 7813*y + 1503615. Determine l(-203).
-6
Let d(q) = q**3 - 11*q**2 + 307*q - 2572. Give d(9).
29
Let i(y) = -148*y**2 - 150*y - 293. What is i(-2)?
-585
Let y(d) = -d**2 - 260*d - 9356. What is y(-211)?
983
Let n(l) = -4*l**2 - 768*l - 3740. Give n(-5).
0
Let r(o) = -3004*o + 760008. Determine r(253).
-4
Let r(c) = -5768*c + 905582. Determine r(157).
6
Let v(c) = -63667*c - 381992. Determine v(-6).
10
Let k(v) = -13*v**2 + 166*v + 3847. Calculate k(-12).
-17
Let y(f) = 48*f**2 + 2766*f - 46. Give y(-58).
998
Let p(m) = 26*m**2 - 66*m + 55. Give p(2).
27
Let r(c) = -174*c**2 - 107*c + 102. Calculate r(1).
-179
Let n(g) = 457*g**2 + 44*g + 29. Give n(2).
1945
Let c(x) = -32*x**3 - 1535*x**2 + 52*x + 303. What is c(-48)?
111
Let p(q) = 7*q**2 + 637*q + 5569. Give p(-81).
-101
Let w(d) = 448108*d - 14339448. Give w(32).
8
Let r(x) = 682*x - 51247. Give r(75).
-97
Let j(u) = -u**2 - 8822*u - 237475. What is j(-27)?
-10
Let u(m) = 37*m**3 - 2*m**2 + 108*m + 337. Calculate u(-3).
-1004
Let o(k) = 6*k + 502. What is o(-99)?
-92
Let v(m) = -111*m**3 - 102*m**2 + 21*m + 19. What is v(-1)?
7
Let r(a) = -3*a**2 - 87*a - 245. What is r(-3)?
-11
Let l(q) = 603*q + 15000. What is l(-25)?
-75
Let g(k) = -13*k**2 - 11061*k + 1695. Give g(-851).
-7
Let y(v) = 3*v**3 - 172*v**2 + 38*v + 10484. What is y(56)?
68
Let w(z) = -2*z**2 - 53*z + 688. Give w(-41).
-501
Let j(m) = 2577*m**3 - 134006*m**2 + 103*m + 40. Give j(52).
-12
Let g(v) = 2*v**3 + 149*v**2 - 1048*v - 26632. Determine g(-79).
-9
Let r(z) = -3*z**2 - 355*z - 10922. Give r(-58).
-424
Let m(w) = -61824*w + 680017. Give m(11).
-47
Let a(c) = 63*c**2 - 729*c + 1462. What is a(9)?
4
Let a(m) = 412*m**3 - 413*m**2 - 22*m + 15. What is a(1)?
-8
Let g(c) = 2*c**3 - 48*c**2 + 1515*c - 4142. What is g(3)?
25
Let c(d) = d**3 + 173*d**2 + 837*d - 130. Give c(-168).
374
Let f(s) = -989182*s - 10880979. Calculate f(-11).
23
Let v(q) = -3*q**3 + 4*q**2 - 11001*q - 11004. Determine v(-1).
4
Let i(z) = -3054917*z - 21384414. Determine i(-7).
5
Let g(q) = -442*q - 36921. Determine g(-80).
-1561
Let t(y) = y**3 + 161*y**2 + 566*y - 9748. Calculate t(-157).
-14
Let d(k) = -k**3 + 5*k**2 - 5699*k + 17069. Calculate d(3).
-10
Let g(t) = -531*t + 11376. Determine g(21).
225
Let s(w) = 20*w**2 - 12*w - 40. Determine s(-2).
64
Let z(c) = 171*c**2 - 1374*c + 956. Determine z(7).
-283
Let n(q) = 5*q**2 - 1177*q - 53513. What is n(-39)?
-5
Let m(t) = -2*t**3 + 520*t**2 + 702*t - 46974. Calculate m(261).
6
Let f(a) = -3334*a + 64839. Calculate f(19).
1493
Let f(x) = -2*x**2 - 172*x + 4365. Calculate f(-119).
-3489
Let k(m) = -4*m**2 - 3986*m - 516235. Give k(-153).
-13
Let c(a) = -51251*a - 973689. Give c(-19).
80
Let p(d) = -1761*d - 705862. Calculate p(-401).
299
Let y(v) = -v**3 + 4*v**2 + 47*v - 23. What is y(9)?
-5
Let b(h) = -5*h**2 - 2457*h - 225832. Determine b(-369).
-4
Let f(a) = -57*a**2 - 197*a + 1009. Determine f(5).
-1401
Let o(w) = -5*w**2 - 559*w + 1679. What is o(3)?
-43
Let k(r) = -53*r**3 + 13*r**2 - 6*r - 59. Determine k(3).
-1391
Let q(r) = -3*r**3 - 146*r**2 - 631*r - 680. Determine q(-44).
-20
Let d(z) = -1098525*z - 19773451. Determine d(-18).
-1
Let s(w) = w**3 + 569*w**2 - 5492*w - 167636. Give s(-578).
-16
Let f(r) = 94*r + 16938. Determine f(-182).
-170
Let c(v) = -738377*v - 16982670. Calculate c(-23).
1
Let g(d) = -d**3 -